 2*r - 1. List the prime factors of a(k).
7
Let j be 4/6 - 56/(-24). Suppose -j*c = -n - 6 - 17, 0 = -4*n - 8. What are the prime factors of c?
7
Suppose 91 = -5*l + 301. List the prime factors of l.
2, 3, 7
Let l(c) = -c**2 - 13*c + 5. What are the prime factors of l(-10)?
5, 7
Suppose -9 + 3 = 2*n. Let d = 42 + -64. What are the prime factors of d/(-3) - 2/n?
2
Suppose 0 = -3*w + 8*b - 3*b + 68, -b + 28 = w. Suppose 12 = 3*z, -4*g + 4*z = -10 - w. List the prime factors of g.
13
Let u(g) be the first derivative of 3*g**2/2 - 5*g + 1. Let c be 0 - 2 - (-18)/3. List the prime factors of u(c).
7
Let l(x) = -2*x**2 - 3*x - 4. Let b be l(-3). Let p = b - -21. Let v = p + -5. What are the prime factors of v?
3
Suppose 6*i - 2*i = 136. Suppose 4*q - i = 54. What are the prime factors of q?
2, 11
Let f = 7 + -11. Let w(o) = -o**2 - 4*o. Let d be w(f). Let h(m) = -m**2 + 8. List the prime factors of h(d).
2
Suppose -5*b + 3*b + 214 = 0. Suppose -b = -5*l + 5*v - 32, 5*l - 2*v = 78. What are the prime factors of l?
2
Suppose 3*j - 601 = -5*n, 3*n = -0*n + 3*j + 375. List the prime factors of n.
2, 61
Let g be (1 - 1/(-1)) + -2. Suppose 3*q - 3 = -g*q, 3*h + 2*q = 26. What are the prime factors of h?
2
List the prime factors of (10/(-15)*366/(-4))/1.
61
Let z be 156/16 - (-2)/8. What are the prime factors of ((-8)/z)/(6/(-60))?
2
Let i = -1 + 5. Suppose -2 = g, 4*g + g + 54 = i*n. List the prime factors of n.
11
Let w be -2 + (-27)/(-3) + -1. Suppose -w*i + 36 = -2*i. Suppose 4*h - i = h. List the prime factors of h.
3
Suppose -176 = -17*j + 16*j. What are the prime factors of j?
2, 11
Suppose 61*j = 60*j + 94. What are the prime factors of j?
2, 47
Let m(d) = -4*d**2 - 18*d - 6. Let t(j) = -j**2 - 6*j - 2. Let s(o) = 2*m(o) - 7*t(o). Let f be s(6). Suppose -f*v = -4*v + 20. What are the prime factors of v?
2, 5
Let i be (1 - 0/2) + -1. Suppose -5*g - 5 = 0, 5*g - 43 = -2*b - i*b. Suppose -4*o + 31 + b = 3*l, -o + 13 = l. List the prime factors of o.
2
Let d(w) = w + 11. Let s(g) = -g + 7. Let m be s(5). Suppose 0 = m*a + a + 24. What are the prime factors of d(a)?
3
Let p(a) = a**3 + 16*a**2 - 6*a - 28. What are the prime factors of p(-16)?
2, 17
Let r = -19 + 48. What are the prime factors of r?
29
Suppose 0 = 3*b - 68 - 49. Let c(a) = a**3 + 3*a**2 + 3*a + 4. Let h be c(-4). Let w = h + b. What are the prime factors of w?
3, 5
Let l be (1 + 20)*(-5)/15. Let d(n) = -1 - 4*n**2 - 1 + 3*n**2 - 10*n - 2. List the prime factors of d(l).
17
Let h(a) = a**2 - a + 14. Suppose -4*j = j. List the prime factors of h(j).
2, 7
Let d = 6 - 4. Let p(k) = -1 + 0*k + k**2 + 0*k + k + 2*k**d. List the prime factors of p(-2).
3
Let t(s) = -s**3 - 3*s**2 + 4*s + 3. Suppose -2*o = -5*o - 5*r + 25, -o = 5*r - 25. Suppose -u - 4 + 0 = o. List the prime factors of t(u).
3
What are the prime factors of 0/(-1) - -237 - (42 + -39)?
2, 3, 13
Let p(z) = 115*z**3 - z**2 + z. List the prime factors of p(1).
5, 23
Suppose -287 = -r - 6*r. What are the prime factors of r?
41
Suppose -4*v - 4*i = v - 21, 4*v + 4*i - 16 = 0. What are the prime factors of v?
5
Suppose c = -0*c - 4*v + 14, 0 = 2*c - v - 1. Let g(y) = y**3 - 2*y**2 - y + 2. Let p be g(4). Suppose -3*b + p = c*b. List the prime factors of b.
2, 3
List the prime factors of -3 + 88/9 - (-4)/18.
7
Let v(z) = -4*z**2 + 16. Let i(c) = c**2 - 3. Let j(m) = 16*i(m) + 3*v(m). Let q be (1/(-1))/((-1)/1). What are the prime factors of j(q)?
2
Let a = -16 - -18. List the prime factors of a.
2
Let j be 0*(-3)/9 - -2. Suppose -3*d + b + 0*b + 71 = 0, 39 = j*d + b. List the prime factors of d.
2, 11
Suppose 30 = -2*f - 0*f - 4*q, 3*q - 6 = 0. Let d = 9 + f. What are the prime factors of -2 - 2/(-2) - d?
3
Let d = 3 + 0. Let v be 4/(0 - d - -2). List the prime factors of (24/15)/(v/(-30)).
2, 3
Let m(s) = -2*s**3 + 2*s**2 - s + 5. Let h(r) = -r**3 + r**2 + 2. Let q(p) = -5*h(p) + 2*m(p). Let b be q(-2). What are the prime factors of (36/b)/((-2)/4)?
3
Let a(n) = n**2 - 1. Let j be a(-2). Let f be -4 + j*(-2)/(-6). List the prime factors of 2 - (3/f - 7).
2, 5
Suppose 2*y - 236 = -2*g, -y + 6*y - 2*g = 583. What are the prime factors of y?
3, 13
Suppose 0 = -5*r - 3*l + 12, 5*r + 2*l - 16 = -3. Suppose t + 23 = 5*q - 9, -t - 2*q + r = 0. List the prime factors of (-2)/(-4) - t/2.
2
Let v = -2 + 7. Suppose -4*w + 2 + 0 = v*t, -4*t + 16 = -4*w. Suppose -t*m = -23 - 15. List the prime factors of m.
19
Suppose -4*i - 15 + 3 = 0. Let r be 0/i - -2*8. Suppose r = s + s. What are the prime factors of s?
2
Let u(c) = -c**2 - 13*c - 9. Let v be u(-12). Suppose -3*s - v = -30. What are the prime factors of s?
3
Let z(a) = a - 3. Let k be z(6). Suppose 5*m - 12 = k. Suppose 0 = -m*o + t + 20, o - 20 = -3*o - 2*t. List the prime factors of o.
2, 3
Suppose -3 = -18*i + 33. List the prime factors of i.
2
Let l(o) be the first derivative of 1/3*o**3 + 1 - o - o**2. List the prime factors of l(4).
7
Let o be 1/(-2)*-2*-1. Let w(u) = -5*u**3 - 2*u**2 - u. What are the prime factors of w(o)?
2
Let x(w) = w**2 + 5*w. Let o be x(-5). Let f(r) be the third derivative of r**4/24 + 2*r**3/3 + 8*r**2. List the prime factors of f(o).
2
Suppose -3*a = -1 - 5. Let n = 0 + a. Suppose -y - n*y + 36 = 0. List the prime factors of y.
2, 3
What are the prime factors of 0 + 70 + (-3 - -7)?
2, 37
What are the prime factors of (48/(-7))/((-8)/280)?
2, 3, 5
Let m be (8 - 1)*(-6)/(-3). Let f be 2 - (1 + (-3)/3). Suppose -3*i + 16 = f*i - x, 0 = 5*i + x - m. What are the prime factors of i?
3
Let s be (2/(-6))/((-12)/108). Suppose 6*m = s*m + 90. What are the prime factors of m?
2, 3, 5
Suppose 11 = r - 6. What are the prime factors of r?
17
Let g be (-2)/6*(-3)/(-1). Let x(o) = -o**3 + 4*o**2 + o - 1. Let k be x(3). Let f = g + k. List the prime factors of f.
2, 5
Suppose 5*t - 4*m = -6 - 1, 0 = -5*m + 15. Suppose w + 14 = t. Let h = 24 + w. What are the prime factors of h?
11
Let q = -20 - -39. What are the prime factors of q?
19
Let q be 58/10 + (-1)/(-5). Suppose -a - 2*k + 8 = a, 3*k + q = 0. What are the prime factors of 2/a - (-17)/3?
2, 3
List the prime factors of -363*((4 - (-64)/(-12)) + 1).
11
Let q = -26 - -45. Suppose c + 4 = q. List the prime factors of c.
3, 5
Let l(g) = 6*g**2 + 1. List the prime factors of l(1).
7
Let v = 165 + -109. List the prime factors of v.
2, 7
List the prime factors of 280/15 - (-3)/9.
19
Let x(v) = 0*v + v**3 + v + 3*v**3. Let f be x(1). Suppose -f*t + 0*t = -30. What are the prime factors of t?
2, 3
Suppose -16 = -5*l + l. Suppose f - 3*w = -2*f + 111, 5*f - 149 = -l*w. What are the prime factors of 1*(f/(-1))/(-3)?
11
Suppose -29 + 8 = d - 5*r, 2*d = -5*r + 3. Let m be 48 + d/3 + 2. What are the prime factors of ((-3)/(-4))/(2/m)?
2, 3
Let p = 35 + 112. What are the prime factors of p?
3, 7
Let v = -4 - -10. Let m be (2/v)/(5/15). What are the prime factors of (18/3)/m - 1?
5
Let h = -2 - 1. What are the prime factors of 0 + 20 - (-6)/h?
2, 3
Suppose 2 = 3*z - 4. Suppose -3*r + z = -13. Let l = r - 2. What are the prime factors of l?
3
Suppose 3*f - 4*i = 2*f + 44, 3*f + 5*i = 64. List the prime factors of f.
2, 7
Let n = 102 + -40. What are the prime factors of 0 - (-3)/6*n?
31
Let x = -124 - -237. List the prime factors of x.
113
What are the prime factors of (1*-1 - -557)*(-32)/(-64)?
2, 139
Suppose -2*i - 11 = -3, -3*i = -2*q + 38. Suppose -2*z = -z - q. What are the prime factors of z?
13
Let t(a) = -a**3 - 10*a**2 + 14*a - 4. List the prime factors of t(-12).
2, 29
Suppose 15 = -v + 6*v, -40 = -5*w - 5*v. Suppose 67 = w*q - p, 8*q - 61 = 3*q - 2*p. List the prime factors of q.
13
Let y(n) = -2*n**2 - 4*n. Let t be y(-3). Let h = 12 + t. What are the prime factors of h?
2, 3
Suppose 5*a + 25 = 0, -3*c + 8*c - 5*a - 150 = 0. List the prime factors of c.
5
Let q(i) = 3*i**2 - 35*i - 3. List the prime factors of q(15).
3, 7
Suppose 0 = -5*c + c + g + 92, -4*c - 4*g = -112. What are the prime factors of c?
2, 3
Let y = -2 - -5. Let d = 11 - y. Suppose 0*g + d = 2*g. List the prime factors of g.
2
Suppose -4 = -2*p + 2*y, 0 = 4*p - 2*y - 0*y - 4. Suppose o + 3 - 2 = p. What are the prime factors of o*3*(-3 - -2)?
3
Let t(f) = 2*f - 6. Let u be t(3). List the prime factors of -4*((-27)/12 + u).
3
Suppose 2*x = 2 + 2. Let l be 